) = -s**3 - 4*s**2 + 7*s + 5. Suppose -3*l = -l + 12. Let k = l + 1. Calculate w(k).
-5
Suppose 4*p - 3*p = 0. Let c = p + 2. Let i(u) = 0*u + c + 0 - 3*u. Determine i(3).
-7
Let n(y) = -4 - y + y + y. Let h = -56 + 52. Determine n(h).
-8
Let i(w) = -2*w**2 - w + 2. Let b = -23 + 24. Suppose 2*t + b - 5 = 0. Give i(t).
-8
Let t = 235 + -229. Let c(m) = 8*m - 9. Let j(b) = b**2 + b - 1. Let f(p) = c(p) - j(p). Calculate f(t).
-2
Suppose -4*n = 8 - 0. Let b be (-2)/n + 2/1. Suppose 0 = -v - b. Let l(q) = q**2 + 2*q - 4. What is l(v)?
-1
Let h be (-16)/(-7) - 6/21. Suppose -2*c = -3*c + h. Let f(z) = -1 + 4*z**c - 4*z**2 + z**2. Calculate f(-2).
3
Let c(u) = -u**2 - 10*u - 8. Let y(x) = -x**2 - 10*x - 9. Let r(z) = 2*c(z) - 3*y(z). Determine r(-8).
-5
Let o(a) = -a**2 - 10*a + 6. Let k(p) = p - 1. Suppose 3*q - 3*u + 4 = -2, 0 = -u - 4. Let l be (1 + 0)/(-2)*2. Let j(c) = l*o(c) + q*k(c). Give j(-3).
-3
Let s(m) be the third derivative of -m**6/120 + m**5/15 + m**4/6 + m**3/6 - 8*m**2. Suppose -7*k + 15 = -4*k. Determine s(k).
-4
Let d(q) = q**3 + 5*q**2 + 4*q + 5. Let o = -32 + 28. Give d(o).
5
Let a(w) be the first derivative of w**2/2 - 2*w - 2. Suppose 3*h - 2*z = 9, -2*h + 6 = 5*z - 4*z. Calculate a(h).
1
Let s(b) be the second derivative of -b**5/20 + b**4/6 + b**3/3 + 5*b**2/2 + 12*b. Calculate s(4).
-19
Let l(d) = -d**2 - 5*d. Suppose 3 = 4*v - 5. Let o = v + -7. Give l(o).
0
Let v be -3 + 20/8*6. Suppose d - 7 + v = 0. Let y(n) = -4*n - 5. What is y(d)?
15
Let s(g) = -g**2 - 6*g - 7. Let b = 3 - 1. Let d be b + (-6 - -3) - -6. Suppose x - 6*x - 5*f = d, -2*x - f - 6 = 0. Calculate s(x).
-2
Suppose 3*c + 12 = o, -8*c - 26 = -4*o - 7*c. Let j(f) = f**3 - 5*f**2 - 5*f + 5. Calculate j(o).
11
Let f(g) = -g**2 - 6*g - 4. Let p be f(-5). Let t(r) be the third derivative of 1/24*r**4 + 0*r - 1/120*r**6 + 0*r**3 + 0 + 1/60*r**5 - 2*r**2. Determine t(p).
1
Suppose -4*c + 0*c + 8 = 0. Suppose -c*v = 2*v. Let p(m) = -1 + 2 - 4 + m - 3. Determine p(v).
-6
Let h be 6/(2 - (2 - 1)). Let c(a) = -a**3 + 5*a**2 + 6*a + 3. What is c(h)?
3
Let d(p) = p**2 + 5*p - 2. Let i = 8 + -15. Determine d(i).
12
Let o(u) = 9*u**2 - 8*u + 1. Let p(h) = -2 + h + 5*h - h**2 + 3*h. Let j be p(8). Let k(y) = -10*y**2 + 9*y - 1. Let r(f) = j*k(f) + 7*o(f). What is r(2)?
9
Let u(v) = -45*v + 18*v + 19*v + 9*v. Give u(-2).
-2
Let c(x) be the first derivative of -x**4/4 - 4*x**3/3 + 5*x**2/2 - 61. Let b = 74 - 50. Suppose -4 = -4*r - b. What is c(r)?
0
Let c(g) = 0 + 1 + 7*g**2 + 3*g - 14*g**2 + g**3 + 3. Determine c(6).
-14
Let m(u) = -6*u. Let j(s) = -s. Let g(w) = 5*j(w) - m(w). What is g(5)?
5
Let a = -2 + 6. Suppose -8 = -3*w - 5*b, -4*w - a = -0*w + 3*b. Let z(m) = -m**3 - 5*m**2 - 4*m - 2. What is z(w)?
-2
Suppose t + 8 = 5*t, -3*t + 14 = -4*j. Let a(r) = 5*r**2 - 2*r - 23. Let l(y) = -2*y**2 + y + 10. Let i(d) = -3*a(d) - 7*l(d). Calculate i(j).
-3
Let t be (-1 - (-1)/2)*2. Let l be (1 + 1)*t - -1. Let h(i) = -i. Determine h(l).
1
Let f(u) = 4*u + 2. Let a(d) = -5*d - 3. Let l(j) = 5*a(j) + 6*f(j). Let x be 40/(-18) + (-4)/(-18) - 3. What is l(x)?
2
Let p(q) = -q + 4. Let j be 1/2 - (-1)/(-2). Let g be p(j). Let k(v) = -g + 3 - v**3 - v + 4*v**2 + 2*v**3. What is k(-4)?
3
Let v(s) = s**3 + 58*s**2 - 28*s**2 - s - 23*s**2 - 2. Give v(-7).
5
Let v(q) = q**2 + q. Let g(m) = m**2 + 3*m + 2. Let d(p) = -g(p) + 2*v(p). Calculate d(0).
-2
Let l(i) = -i - 4. Let g be 5/((3 - 2) + 0). Suppose 0 = 4*n - g*q + 29, 3*n + q = 2*n - 5. Let y be (1 - -1)*9/n. Determine l(y).
-1
Let o(f) = -14*f + 9*f - 15*f - 1. Determine o(1).
-21
Let z = -4 - -3. Let l be ((-15)/3 + 0)/z. Let s(x) = 3*x - 1 + 0 - 6. What is s(l)?
8
Let q(o) = -175 - o**2 + 175. Calculate q(-2).
-4
Let q(s) be the second derivative of -5*s**4/12 + s**3/3 + s**2/2 - 9*s. Calculate q(-1).
-6
Let r(w) be the third derivative of w**4/24 + w**3/2 + 10*w**2. What is r(-7)?
-4
Let c(f) = 8*f**3. Let x be c(1). Let a = 8 - x. Let s(p) = -p - p**2 + 5*p**2 - 3*p**2. Calculate s(a).
0
Let i(u) be the third derivative of u**5/60 + 5*u**4/24 - u**3 - 8*u**2. Calculate i(-5).
-6
Suppose 2 - 4 = -z. Let u be 1*(z - 2 - -2). Let l(v) = 2*v**2 + v - 1. Give l(u).
9
Let h(p) be the third derivative of 4*p**2 + 0 + 0*p - 1/24*p**4 + 1/2*p**3. Suppose -3*c + 2 = -4. What is h(c)?
1
Suppose 0*d - 2 = d. Let v(n) = -9*n**2 + 2*n + 5*n**2 - 2 - n**3 - 6*n + 2*n**2. Calculate v(d).
6
Let v(d) = -7*d - 3. Let g(n) = -4*n - 2. Let c(h) = -5*g(h) + 3*v(h). Calculate c(-1).
2
Let y(p) = -3*p**2 - 3*p + 10. Let b(u) = -2*u**2 - 4*u + 9. Let s(r) = 4*b(r) - 3*y(r). Let o = -67 + 73. What is s(o)?
0
Let y(n) = 4*n - 1. Let g(a) = 3*a - 2. Let u(x) = -3*g(x) + 2*y(x). What is u(0)?
4
Let r = 6 - 6. Let c(f) = -f + 10. Let y(p) = 1. Let v(d) = c(d) - 5*y(d). Give v(r).
5
Let c(q) = 8*q**3 + 4 - 7*q**3 - 4*q**2 + 3*q + 2 - 2. Calculate c(4).
16
Suppose 0 = 3*v + 4*n, 0 = 4*v + 2*n + n. Let o(s) be the third derivative of -1/12*s**4 + v*s + s**2 - 4/3*s**3 + 0. Determine o(-6).
4
Let r(x) = -x - 3. Let z be r(3). Let j(m) = m - 5. Let i(k) = 3*k - 15. Let q(h) = z*i(h) + 17*j(h). Let t be 1*2 + (-392)/56. Give q(t).
10
Let x(f) be the second derivative of f**3/6 + f**2 + 20*f. Let y be (-4)/6*1*3. Calculate x(y).
0
Let n(f) be the third derivative of f**5/60 + f**4/4 + 2*f**3/3 + 6*f**2. Determine n(-4).
-4
Let g(p) = p**2 - 8*p + 7. Let u be g(6). Let k = u + 6. Let y(s) = -16*s**2 + s - 1. What is y(k)?
-16
Suppose -2*y - 9 = -j - 2, -2*y = 0. Let f(c) = -c**2 + 7*c + 1. Let m be f(j). Let k(a) = m - a - 2 - 2. What is k(-4)?
1
Let h(k) = 2*k**2 + k**3 - 8*k - 6 + 0*k**3 + 4*k + 9. Calculate h(-4).
-13
Let y = 11 - 8. Let u(o) = 6*o - 8*o - 2*o**2 + 0*o - o**y. Suppose r - 2*r - 2 = 0. Calculate u(r).
4
Let x(m) = m**3 + m**2 - m + 2. Let r(l) = -l**2 - 2*l. Let v be r(-3). Let i(n) = n**2 + 5*n + 4. Let p be i(v). What is x(p)?
0
Let i = 2 + 0. Let s(m) = -3*m**i + m + 0*m**2 - 1 + 2*m**2. Give s(2).
-3
Let o(l) = l**2 - 6*l + 8. Let v = -37 + 55. Let d be 8/(-6)*v/(-4). What is o(d)?
8
Let k(n) = -1 + 3 + 740*n**3 - n - 742*n**3. What is k(2)?
-16
Let a(g) = g**2 - g**3 + 5*g - 3*g + 0*g**3. Let p be a(2). Let f(k) = -k**3 + 0*k**2 + 13*k - 6*k + 3*k**2 - 6 + p*k**2. Give f(4).
6
Let a(y) = -14*y + 8*y + 7*y + 2. Give a(5).
7
Let v(j) = j**2 + j - 16. Suppose 3*o = -4*i + 9, -2*i - o + 3 = -5*i. Give v(i).
-16
Let i(d) = -4*d. Let g(v) = -v**3 - 4*v**2 - v - 5. Suppose -k = 2*k + 12. Let t be g(k). Determine i(t).
4
Suppose -2*b + o = -4, -5*b - o - 3*o = 3. Let w(d) = -d**2 + 17*d**3 - 30*d**3 + 2*d**2. What is w(b)?
-12
Let s be 1/(3 - (-56)/(-20)). Let b(w) = -7*w**3 + w**2 + 3*w - 5. Let u(c) = -4*c**3 + c - 2. Let x(n) = s*u(n) - 3*b(n). Calculate x(4).
5
Let d(m) = -m + 4. Suppose 0 = -3*t - 5*a + 31, 2*t - 4*a - 2 = 4. Suppose 6 + 2 = 2*c. Let w = t - c. Calculate d(w).
1
Let y(w) = w**2 + 12*w + 1. Let j be y(-12). Let p(h) = h. Let i(r) = 3*r - 12. Let d(l) = j*i(l) - 2*p(l). Let v = -2 - -2. Give d(v).
-12
Let l(o) = -2*o**2 + 5*o - 5. Let h(p) = p**2 - p + 1. Let i(n) = -3*h(n) - l(n). Let u be i(-3). Let d(z) = 2*z + 3 + 9*z**2 - 4 - 4*z. Give d(u).
10
Let i(q) = 2*q + 1. Let k be (-54)/(-10) + (-28)/70. Suppose 5 = -k*r + 25. Determine i(r).
9
Let l(h) = -4*h - h**2 - 2 + 8*h + h. Let w be l(6). Let y(r) = -r**2 - 8*r - 2. Let b be y(w). Let s(c) = c**3 + 3*c**2 + 4*c + 3. Calculate s(b).
-1
Let k = -5 + 7. Let z(o) = -o - k*o + 5*o - 3 - o. Determine z(5).
2
Let x(l) be the third derivative of l**6/120 - 7*l**5/60 + l**4/4 + 2*l**3/3 + 56*l**2. Let g be 27/(-12)*(-16)/6. Calculate x(g).
4
Let p(n) = -n. Suppose -q = q - 10. Let i(z) = -2*z - 2*z**2 + 3 - z + q*z - 2. Let y be i(-1). What is p(y)?
3
Let j(t) = -2*t - 11. Let f(o) = -o - 7. Let k(c) = 8*f(c) - 5*j(c). Let z = 2 - -1. Suppose z = 5*s - 7. What is k(s)?
3
Let i = -4 - -8. Let f(w) be the second derivative of -w**4/12 + w**3 - 5*w**2/2 + 8*w. What is f(i)?
3
Suppose z + 4*w - 16 = 0, 28*w - 32*w + 16 = 4*z. Let x(u) = -u**2 - 3. Determine x(z).
-3
Let u be ((-16)/6 - -2)*-6. Let w(v) = -2*v - v - u + v. What is w(-3)?
2
Let f(c) be the third derivative of -c**6/120 - c**5/20 - c**4/24 - c**3/3 + c**2. Calculate f(-3).
1
Let t = 2 - 0. Let h(j) = 0*j + 4*j**2 - 4 -